(0). Suppose -3*a + y = -2*a. What is the tens digit of a?
2
Let z = -4 + 2. What is the tens digit of (-4 + 5)/(z/(-50))?
2
Let z = 280 + -180. What is the units digit of z?
0
Suppose 2*i - i = -19. Let c = i - -37. What is the units digit of c?
8
Let i = 8 - 4. Let z = 15 + -14. Suppose -z = -i*v + 7. What is the units digit of v?
2
Let w = 0 - 4. What is the tens digit of w/(1 - (-13)/(-11))?
2
What is the units digit of (-4)/(-6)*(-1 + 49)?
2
What is the tens digit of (20/12)/(1/6)?
1
Let z(c) = -c + 1. Let y(m) = -12*m + 20. Let k(a) = -y(a) + 10*z(a). Suppose 0 = -o - 0*o + 5*n - 3, -5*n = 3*o - 31. What is the units digit of k(o)?
4
Suppose 0 = u + 3*u - 4. What is the tens digit of u/((-2)/(296/(-4)))?
3
What is the hundreds digit of 211 - (0 - (1 - 1))?
2
Let j = -10 + 14. What is the units digit of j?
4
Let t(q) = q**3 - 8*q**2 + q - 7. Let p be t(8). Let h(o) = 7*o**2 + 1. What is the units digit of h(p)?
8
Let y(h) = h + 3. Let s be y(5). Suppose w + 3*w = s. What is the units digit of w/8 + 33/12?
3
Let f(s) = s**3 - 11*s**2 - s + 14. Let k be f(11). Suppose 4*o + 2*j = 2 + 4, -o - 2*j - k = 0. What is the units digit of o?
3
Suppose 2*k = -2*m - 2, 4*m + 6 = 5*k + 47. What is the units digit of ((-4)/(-8))/(1/m)?
2
Let a(w) = w**3 - 13*w**2 + 3*w - 5. Let q be a(13). Let t = 8 + q. What is the tens digit of t?
4
Let j(z) = -z + 3. Let p be j(10). Let u(l) be the first derivative of l**4/4 + 7*l**3/3 + l**2/2 + 10*l + 2. What is the units digit of u(p)?
3
Suppose -v + 6*v + 24 = 2*o, 5*v + 30 = 5*o. Let d(p) = 8*p**3 - 4*p**2 + 4*p - 2. Let r be d(o). What is the units digit of r/7 + 16/56?
8
Let x = 2 - 4. What is the units digit of (-10)/x - 1 - 1?
3
Let x = -177 + 357. What is the units digit of x?
0
Let h = 21 - -12. What is the tens digit of h?
3
Let a(i) = 2*i + 1 - 2*i + 2*i - i. What is the units digit of a(5)?
6
Let v be 74/4 - (-39)/26. Let x = v - 8. What is the tens digit of x?
1
Suppose -7*l = -3*l. Let u be (-2)/7 - (-4)/14. Suppose l = -u*c - c + 5. What is the units digit of c?
5
Suppose 0 - 24 = -z. What is the tens digit of z?
2
Let k be (-12)/5 + (-8)/(-20). Let s = 2 - k. What is the units digit of s?
4
Let i = 5 + 1. Let b = i - 4. Suppose 0 = b*f + 2*t + 3*t - 43, 5*f - 5*t = 90. What is the units digit of f?
9
Suppose -l + 3*z - 9 = -2*l, 3*z + 27 = 5*l. Let k(o) = -o**3 + 5*o**2 + 7*o + 1. What is the units digit of k(l)?
7
Let r(f) = -f**3 - 3*f**2 + f + 4. Let t be r(-3). Suppose 0 = -k - t - 2. Let i(o) = o + 5. What is the units digit of i(k)?
2
Suppose 0 = -p - 12 + 30. What is the units digit of p?
8
Let u(a) = 2 - 5*a + 2*a**2 - a**2 - 1. Suppose 9*g = 8*g + 5. What is the units digit of u(g)?
1
Let x(d) = -d + 4. Suppose -4*y + 13 - 37 = 0. What is the units digit of x(y)?
0
Let x(r) = r + 1. Let v be x(-1). Let m = 8 - v. What is the units digit of m?
8
Suppose 3*s + 19 = 2*c - 4, 4*c - s = 21. Suppose 2*i - 2*q = 3 - 9, -9 = 3*i - 4*q. Let n = c + i. What is the units digit of n?
1
Let n = 109 - 68. What is the tens digit of n?
4
Let r = -5 - -23. Suppose -3*l + r = -9. What is the units digit of (-41)/(-3) + 3/l?
4
Let r(l) = 22*l - 14. Let b be r(7). Suppose -3*q + 3*f + b = 14, -168 = -4*q + f. What is the units digit of q?
2
Suppose 4*r = -16, -5*q + 0*q = 4*r - 4. What is the units digit of 3/q*(-1 - -37)?
7
Let x(d) = d + 1. Let u be x(-4). Let c = u + 6. Suppose 0 = -3*q + 3*h + 3 - 6, -c*q - 2*h = -17. What is the units digit of q?
3
Let x be (5 + -5)*1/2. Suppose x = -h + 2*h - 3. Suppose -h*t = 3 - 30. What is the units digit of t?
9
Let i(c) = -c**2 + 6*c + 4. Let k = 23 + -16. Let f be i(k). What is the units digit of f/(-5) + 4/10?
1
Let w = -3 - -2. Suppose 5*q = -4*s - 18 + 4, -5*s = -2*q + 1. What is the tens digit of 2/s*(-6 - w)?
1
Suppose t + 5 = -3*t - q, 3*t - 4*q = 20. Suppose -3*n - 3*u - 9 = t, 2*n - u - 4*u + 27 = 0. Let v = 16 + n. What is the tens digit of v?
1
Let o = 9 - 2. Let n = o - 3. What is the units digit of n?
4
Suppose 0*k = 3*k + 117. Let b = -21 - k. What is the tens digit of b?
1
Let q(a) be the second derivative of -a**5/20 + 3*a**4/4 + 11*a**3/6 - 3*a**2 - 2*a. What is the units digit of q(10)?
4
Let z(s) = -s**3 - 12*s**2 - s + 17. What is the tens digit of z(-12)?
2
Let s(h) be the second derivative of -h**3/2 - 4*h**2 + 2*h. What is the units digit of s(-8)?
6
What is the units digit of 7 + -3 - 37/(-1)?
1
Let g = 299 - 111. What is the hundreds digit of g?
1
Let t be (-3)/(12/122)*2. What is the tens digit of t/(-3) + (-12)/(-18)?
2
What is the units digit of (3 - 2)/(1/31)?
1
Let s(d) = d**2 + 2*d + 3. Let m be s(0). Suppose -3*b = -0*b - m. What is the units digit of b?
1
Let m be ((-2)/4)/((-2)/(-16)). Suppose 0*l + 2 = 4*l + 2*z, 4*z = -5*l + 1. What is the units digit of (-19)/m + l/4?
5
Suppose -12*l + 3443 = -l. What is the hundreds digit of l?
3
Let l(q) = -q**3 + 6*q**2 + q - 6. Let r be l(6). Suppose -4*o = -3*i, -3*i + 0*o - o + 15 = r. What is the units digit of i?
4
Let g = -7 + 9. Suppose -g*u = -5*u + 57. What is the units digit of u?
9
Let o(n) = n**2 + 7*n + 2. Let i be o(-7). Suppose -5*y = -i*j - 1 - 50, 0 = -3*y + 4*j + 25. What is the units digit of y?
1
Suppose 0*w = -2*w - 6. What is the units digit of w + (26 - (-2 + 3))?
2
Let o(b) = -b**2 - 7*b - 9. What is the units digit of o(-4)?
3
Let t(m) = -m**2 - 6*m + 3. Let k be t(-6). Suppose k*c - 2*c = 2. What is the units digit of c?
2
Let s = -1 - -4. Suppose -11 - 39 = -4*c + s*y, -2*c + y = -24. What is the tens digit of c?
1
Suppose 0*z - z = 4*m - 15, -3*z + 5*m + 28 = 0. Let i(j) = j**3 - 12*j**2 + 11*j + 13. What is the units digit of i(z)?
3
Suppose q = -2*q - 39. Let w = -9 - q. Suppose -4 = w*b - 20. What is the units digit of b?
4
Let n = 12 + -6. Let j = n - 4. What is the units digit of -1 - j/(2/(-3))?
2
Let y(t) = -t**3 - 4*t**2 + 5*t + 4. Let z be y(-5). Suppose z = -3*w + 13. What is the units digit of w?
3
Let l = 17 + 16. What is the tens digit of l?
3
Let i = 10 + 0. What is the units digit of i?
0
Let c be ((-10)/(-8))/(5/20). Let o(z) = z**3 + 6*z**2 - c - 2*z**3 + 8. What is the units digit of o(6)?
3
Let u(m) = -m**2 + 2*m + 2. Let b be u(2). Let g be (-1)/(1/(-2)) + b. Suppose -g*l + 5 = -19. What is the units digit of l?
6
Let y = -25 + 68. What is the tens digit of y?
4
Let c = 63 - 39. What is the tens digit of c/3*2*2?
3
Suppose -4*q + 7*q = 48. What is the tens digit of q?
1
Let x = 6 - 6. Suppose x = -3*b - 0*b. Suppose -3*p + 6 = -b. What is the units digit of p?
2
Suppose 0 = 3*z + 3 - 342. What is the hundreds digit of z?
1
Suppose -3*g = -6*g - 12. Let r be (-12)/(-10)*(1 - g). Suppose 0 = -4*c - c + o + r, -4*c + 2*o = 0. What is the units digit of c?
2
Let s = -37 - -110. What is the tens digit of s?
7
Let k = 0 + -3. Let r be (0 + 1)/(k/(-12)). Let v = 5 - r. What is the units digit of v?
1
Let a = -2 + 7. Suppose 17 = v + a*x, x - 50 = -2*v - x. What is the units digit of v?
7
Let b = -3 - -3. Suppose b*s = -2*s + 8. Suppose s*c - 18 = 2*g - 4, g = -5. What is the units digit of c?
1
Let h be (0 - (-3 - -13))*1. What is the units digit of (-148)/h + 1/5?
5
Suppose -4*q = -20 - 20. Suppose -40 = -5*n - 5*p - q, 32 = 2*n - 3*p. Suppose 0*f + n = 5*f. What is the units digit of f?
2
Let c(d) be the second derivative of -2*d**5/5 - d**4/12 + d. Suppose 3*n + 3 = 0, 3*g - 3*n + 4*n + 4 = 0. What is the units digit of c(g)?
7
Let g(q) = -q**2 + 15*q - 13. What is the tens digit of g(12)?
2
Let z(a) = a + 4. Let o = -4 - -14. Let w be z(o). What is the units digit of w/8 - (-3)/12?
2
Suppose -3*b - 3*t + 80 = -19, -3*b - 2*t + 102 = 0. Suppose b = -4*w + 8*w. What is the units digit of w?
9
Let v(k) = k + 3. Let r be v(10). Let y = r - 5. What is the units digit of y?
8
Let a be 3 + (-1 + 2)*-12. Let o = -16 - a. What is the units digit of 0 - (o - (-2 + 0))?
5
Let o(j) = -j**3 - 5*j**2 - 2*j - 14. Let m be o(-6). What is the tens digit of -2 + m + 3 - -1?
3
Suppose 61 = 5*q - 4*q. What is the units digit of q?
1
Suppose 3*z + 10 = 4. What is the units digit of 12*(1 + z/4)?
6
What is the hundreds digit of ((-1002)/8)/((-1)/((-24)/(-18)))?
1
Let l be 1/(20/24)*5. What is the tens digit of 17 + 3/l*8?
2
Let q(p) be the first derivative of -p**5